i(r) = 2*r**2 + 418*r + 9403. Determine i(-26).
-113
Let a(s) = -7494*s + 1206549. Calculate a(161).
15
Let z(r) = r**2 + 3370*r - 84820. What is z(25)?
55
Let s(f) = -403*f + 7371. What is s(18)?
117
Let f(a) = -23*a + 320. Give f(9).
113
Let y(b) = 2260*b - 433930. Calculate y(192).
-10
Let r(d) = 68*d**3 + 155*d**2 + 4*d + 4. Give r(-2).
72
Let h(v) = 28*v**2 + 895*v - 175. Determine h(-32).
-143
Let r(g) = -13254*g - 26504. Give r(-2).
4
Let s(k) = 9*k**3 - 974*k**2 + 217*k - 94. What is s(108)?
14
Let p(v) = -560*v**2 - 7835*v - 26. What is p(-14)?
-96
Let y(b) = -b**3 - 9*b**2 + 57*b - 7. What is y(-10)?
-477
Let l(j) = -3937*j - 145815. Give l(-37).
-146
Let j(w) = 153*w**3 + 89*w**2 - 3*w - 4. Determine j(-1).
-65
Let a(r) = -1796*r**2 + 23227*r + 1582. Give a(13).
9
Let t(r) = 40*r + 3065. Give t(-57).
785
Let j(n) = 753*n + 15033. Determine j(-20).
-27
Let y(f) = 24*f**3 - 447*f**2 - 169*f - 71. Determine y(19).
-33
Let w(v) = 290245*v - 1160979. Calculate w(4).
1
Let r(w) = -2091*w + 152653. Give r(73).
10
Let c(u) = -2238013*u + 2237976. Give c(1).
-37
Let v(b) = 198201*b - 396238. What is v(2)?
164
Let w(r) = 7*r**2 - 740*r + 5492. What is w(8)?
20
Let p(w) = -w**3 + 1424*w**2 + 218952*w - 1139. Calculate p(-140).
-19
Let v(s) = 1500*s - 2678. Give v(2).
322
Let h(y) = -337137*y - 1685675. Calculate h(-5).
10
Let a(l) = l**3 - 132*l**2 + 390*l - 16832. Give a(130).
68
Let j(n) = n**3 - 52*n**2 + 431*n - 134. Give j(42).
328
Let o(n) = -3*n**3 - 4*n**2 - 2103*n - 10559. What is o(-5)?
231
Let m(c) = -4*c**3 + 387*c**2 + 89*c + 890. Give m(97).
114
Let s(m) = -1492*m + 195452. Determine s(131).
0
Let k(n) = -1754*n + 152607. Determine k(87).
9
Let r(j) = -7*j**2 + 114*j + 2848. Calculate r(30).
-32
Let c(w) = -232058*w + 464126. Determine c(2).
10
Let w(t) = -28*t**2 - 59*t - 223. Determine w(-6).
-877
Let i(c) = c**2 + 82067*c - 738707. Determine i(9).
-23
Let v(m) = 2*m**2 - 3243*m - 163710. Give v(-49).
-1
Let j(s) = 290*s - 120015. Calculate j(414).
45
Let y(u) = 29182*u - 204280. Calculate y(7).
-6
Let s(r) = -3*r**2 - 1769*r + 46633. Determine s(-615).
-107
Let i(l) = 2*l**2 - 41705*l - 375509. What is i(-9)?
-2
Let p(r) = -22*r**3 - 68*r**2 + 213*r - 146. Calculate p(1).
-23
Let x(j) = 13*j**3 + 12*j**2 - 133*j + 37. Calculate x(-4).
-71
Let y(t) = -409*t**2 + 850*t - 112. Determine y(2).
-48
Let u(i) = 2*i**3 - 14*i**2 - 79*i - 129. Determine u(12).
363
Let l(c) = -50*c**2 + 294*c + 44. What is l(7)?
-348
Let h(w) = 4*w**2 + 2134*w + 38104. Give h(-515).
-6
Let c(h) = -1393*h + 31678. Calculate c(27).
-5933
Let s(w) = -w**3 - 65*w**2 - 906*w - 69. Give s(-45).
201
Let b(n) = -n**3 - 87*n**2 - 103*n + 5650. Give b(-85).
-45
Let g(a) = 156*a**3 - 11*a**2 - 236*a - 468. Give g(-2).
-1288
Let m(o) = -198*o**3 - 8*o**2 + 43*o + 52. Give m(-1).
199
Let n(s) = -33237*s + 3390167. Determine n(102).
-7
Let w(g) = 5186*g - 243759. Determine w(47).
-17
Let h(n) = -n**3 - 98*n**2 - 130*n + 5840. Calculate h(-96).
-112
Let l(s) = s**2 + 33*s + 231. Determine l(-17).
-41
Let z(x) = 5142*x + 3748529. Give z(-729).
11
Let k(z) = 2*z**3 + 49*z**2 + 83*z + 922. What is k(-23)?
600
Let d(k) = -k**3 + 37043*k**2 + 222293*k + 5. Give d(-6).
11
Let u(v) = -4*v**2 + 134*v + 2302. What is u(-12)?
118
Let s(q) = -223*q**2 - 6849*q + 1965. Calculate s(-31).
-19
Let b(v) = -1992*v - 1661277. Calculate b(-834).
51
Let k(b) = -329*b - 9045. What is k(-27)?
-162
Let w(p) = 953*p - 43060. Give w(45).
-175
Let v(a) = 195*a**2 + 240*a - 513. Give v(2).
747
Let w(y) = 406*y + 13518. What is w(-34)?
-286
Let u(c) = -85*c**2 + 50717*c + 16556. Give u(597).
-160
Let d(z) = 2*z**3 + 149*z**2 - 2*z - 5664. Determine d(-74).
-40
Let c(u) = 18976*u - 3093094. What is c(163)?
-6
Let c(k) = -2*k**3 + 8*k**2 + 7509*k - 82778. What is c(11)?
-1873
Let r(x) = -664*x + 597. Determine r(1).
-67
Let o(y) = -4202522*y + 8405045. Give o(2).
1
Let w(b) = 2*b**3 - 203*b**2 - 359*b - 606. Give w(103).
-5756
Let m(j) = -4*j**3 - 208*j**2 - 200*j + 56. Give m(-51).
-148
Let t(r) = -1971*r**3 + 5*r**2 + 28*r - 31. Calculate t(1).
-1969
Let u(g) = 23076*g + 992360. Give u(-43).
92
Let b(x) = -x**2 + 109*x - 3018. Calculate b(24).
-978
Let x(w) = 2928*w + 158097. Give x(-54).
-15
Let n(h) = 12*h**3 - 28*h**2 - 23*h + 50. Determine n(3).
53
Let o(r) = -4732*r - 179746. Give o(-38).
70
Let q(z) = -z**3 + 21*z**2 - 59*z + 629. What is q(21)?
-610
Let j(b) = 4488*b - 816852. Determine j(182).
-36
Let h(g) = 11*g**3 - 103*g**2 + 82*g - 552. Calculate h(9).
-138
Let z(g) = -142820*g + 1428206. Give z(10).
6
Let v(j) = 31*j**2 - 2*j - 49. Determine v(-5).
736
Let j(g) = -2*g**3 + 229*g**2 + 102*g + 1238. Give j(115).
-257
Let d(f) = -f**3 + 5*f**2 + 105*f - 646. Determine d(8).
2
Let h(x) = -20*x**2 + 2225*x - 417. Give h(111).
138
Let w(j) = -7677*j - 415300. Determine w(-54).
-742
Let k(w) = -4*w**3 + 116*w**2 + 384*w + 27. Determine k(32).
27
Let b(v) = v**3 + 79*v**2 + 448*v - 11. Determine b(-73).
-741
Let v(z) = 8149*z - 5076837. Give v(623).
-10
Let h(y) = -y**3 + 2*y**2 + 22*y - 170. Calculate h(7).
-261
Let f(a) = a**2 - 7*a - 13813. Determine f(105).
-3523
Let k(r) = r**2 - 37123*r + 1483310. Determine k(40).
-10
Let t(q) = q**2 + 18184*q - 875129. Calculate t(48).
7
Let r(p) = 17007*p - 119032. Determine r(7).
17
Let v(q) = 28*q**3 + 2*q**2 - 30*q - 80. Determine v(-3).
-728
Let k(q) = 23*q**3 + 3068*q**2 - 1814*q + 8309. Determine k(-134).
1
Let r(w) = -2*w**2 + 285*w - 10517. Calculate r(40).
-2317
Let n(d) = -3*d**2 - 3705*d - 1107933. Give n(-727).
15
Let l(t) = t**3 + 5*t**2 + 196468*t + 982283. Give l(-5).
-57
Let g(p) = 257*p**2 + 2598*p - 216. Calculate g(-10).
-496
Let c(w) = -348*w**3 + 3*w**2 - 13. Determine c(2).
-2785
Let k(c) = 14*c**3 - 119*c**2 + 239*c + 56. What is k(4)?
4
Let b(l) = 4*l**2 + 1852*l - 11167. Give b(6).
89
Let x(y) = 2586*y - 7401. Determine x(3).
357
Let j(u) = -8*u**2 + 744*u - 1822. What is j(89)?
1026
Let m(g) = -2105*g + 25214. Determine m(12).
-46
Let a(q) = 2743*q - 293439. What is a(107)?
62
Let d(z) = 30*z**3 - 389*z**2 - 12*z - 18. Calculate d(13).
-5
Let b(c) = 3*c**2 - 987*c - 5283. Give b(335).
747
Let x(b) = -2507*b + 238167. Give x(95).
2
Let s(v) = -73297*v - 879562. What is s(-12)?
2
Let p(l) = 40*l**3 - 11640*l**2 - 6*l + 1764. What is p(291)?
18
Let z(k) = -9*k + 1076. What is z(144)?
-220
Let k(a) = -9*a**2 - 255*a - 406. What is k(-16)?
1370
Let d(l) = -211*l**2 - 332*l + 2228. What is d(6)?
-7360
Let k(j) = -148877*j - 893261. What is k(-6)?
1
Let l(z) = z**3 - 94*z**2 - 134*z + 21270. Calculate l(93).
159
Let h(d) = -5*d**2 + 239. What is h(-15)?
-886
Let p(i) = 3*i**2 + 457*i + 17441. Give p(-75).
41
Let w(q) = 2*q**2 - 599*q - 1548. What is w(302)?
-38
Let w(v) = v**3 + 12*v**2 - 9294*v - 129731. What is w(-14)?
-7
Let a(j) = -3*j**3 - 23*j**2 + 16*j + 197. What is a(-3)?
23
Let r(z) = 26433*z - 158618. Determine r(6).
-20
Let d(t) = t**3 + 40*t**2 - 512*t - 3346. What is d(-49)?
133
Let h(r) = -r**3 + 61*r**2 - 107*r - 710. Calculate h(59).
-61
Let c(y) = 6*y**2 + 2953*y + 137333. Give c(-52).
1
Let t(u) = 4*u**2 + 7052*u + 2184647. What is t(-401)?
-1
Let u(o) = o**3 - 115*o**2 + 220*o - 621. Give u(113).
-1299
Let r(u) = -u**2 + 13876*u - 110906. Give r(8).
38
Let v(m) = 419588*m - 2517540. Determine v(6).
-12
Let l(m) = -m**3 - 31*m**2 + 400*m + 6830. Calculate l(-11).
10
Let v(f) = 1563*f + 56286. Give v(-36).
18
Let k(i) = 4513079*i + 27078471. What is k(-6)?
-3
Let i(h) = 3992*h - 802403. Give i(201).
-11
Let n(f) = 3*f**3 + 10*f**2 + 4094*f + 12254. Determine n(-3).
-19
Let a(t) = 3*t**2 + 1418*t - 58200. Give a(38).
16
Let f(i) = 57*i**2 + 201*i - 2120. Calculate f(-9).
688
Let y(j) = -26*j**2 + 2158*j + 96. Give y(83).
96
Let s(z) = 1199641*z + 79176309. Calculate s(-66).
3
Let i(n) = -4*n**3 + 58*n**2 - 62*n + 663. What is i(18)?
-4989
Let o(h) = -39250*h + 1020498. Calculate o(26).
-2
Let u(n) = 3759*n + 26290. Give u(-7).
-23
Let m(y) = y**3 - 37*y**2 - 2683*y - 1964. Determine m(-36).
16
Let k(p) = -4*p**2 + 1202*p - 2415. Give k(2).
-27
Let n(y) = 3*y**3 + 1975*y**2 + 4609*y + 11078. Give n(-656).
-74
Let c(b) = 59100*b - 180. Give c(0).
-180
Let r(p) = p**2 - 5*p - 61. Calculate r(-4).
-25
Let n(p) = 